alculate the remainder when i is divided by 11.
8
Let c(d) = 2*d + 15. Let j be c(-5). Suppose 5*y - 484 = -z, y - 199 = -y + j*z. What is the remainder when y is divided by 25?
22
Let n = 65 - 35. Suppose 0 = 2*i + 5*x + 1 - 7, 0 = 5*i + 5*x - n. Calculate the remainder when 55 is divided by i.
7
Let d(g) = g**2 - 3*g - 7. Let w be d(5). Suppose -12 = -z - w*z. Suppose l + z = 22. What is the remainder when l is divided by 5?
4
Suppose -90 = -30*r + 27*r. What is the remainder when 117 is divided by r?
27
Suppose -4*j = -y - 5, -3*y = y - 4*j - 16. Suppose 24*f - 23*f = 11. Calculate the remainder when f is divided by y.
4
Suppose 2 = -2*a, -147 - 20 = -4*z - 5*a. Let k = z + -24. Let v = 758 + -753. What is the remainder when k is divided by v?
4
Suppose g + 147 = 4*g. Calculate the remainder when 142 is divided by g.
44
Suppose -10*o + 158 + 31 = 29. Let q(g) = -17*g - 7. What is the remainder when q(-5) is divided by o?
14
Suppose -2*x = -3*x + 5. Suppose -2*c = 1 + 17. What is the remainder when 56/(-6)*c/6 is divided by x?
4
Suppose 3*b + 9 = 6*b. Calculate the remainder when 48/4 + (-3)/1 + b is divided by 4.
0
Let w = -621 - -660. What is the remainder when 271 is divided by w?
37
Suppose 0 = -3*y - 1 + 16. Suppose 616 = 8*c - 320. Suppose -11*j = -2*j - c. What is the remainder when j is divided by y?
3
Suppose -6*l - 84 = -0*l. Let t = 17 + l. Calculate the remainder when 28 - (-2 + t + 2) is divided by 14.
11
Let u = 239 - 218. What is the remainder when u is divided by 2?
1
Let q = 1212 + -1100. Calculate the remainder when q is divided by 17.
10
Suppose -2*w - 4 = -4*b - 5*w, 0 = -2*w - 8. Suppose b + 1 = -h. Let j(m) = 2*m**2 + 7*m + 3. Calculate the remainder when 53 is divided by j(h).
17
What is the remainder when (1/3)/(4/564) is divided by (5 + 4/(-84)*117)/(1/(-21))?
11
Let n(v) = 19*v**2 + 207*v - 10. What is the remainder when 896 is divided by n(-11)?
8
Let v = -64 + 98. Calculate the remainder when 112 is divided by v.
10
Suppose k - 76 = -3*l, k - 4*l + 13 = 103. What is the remainder when 179 is divided by k?
15
Calculate the remainder when (-310)/(-4) + 413/(-118) is divided by 2/(-4)*100/(-2).
24
Suppose 4*q = 3*i - 615, 4*q + 64 = 2*i - 342. Calculate the remainder when i is divided by 7.
6
Suppose 0 = -n + 4 + 8. Let d = 45 - 42. What is the remainder when n is divided by d?
0
Let q be (-1)/(-2 - 21/(-12)). Suppose 20 = -0*p + q*p, -3*c - 4*p = -155. Let g = 169 - 153. Calculate the remainder when c is divided by g.
13
Suppose -60 = -0*n + 3*n. What is the remainder when (-3 + n/(-6))/(-1)*-51 is divided by 6?
5
Let z(s) = 3*s**2 - 92*s + 565. What is the remainder when 1814 is divided by z(6)?
120
Let q be ((-3)/6)/1*-12. Let j be 21/(-7)*(-2)/q. Calculate the remainder when 23 is divided by 2 + 0 - (j + -4).
3
Let r = -220 - -157. Let f = r + 102. Suppose 5 = h - 5. What is the remainder when f is divided by h?
9
Let t(p) = -p**3 + 5*p**2 + 3*p - 2. Let y = -42 + 67. Suppose -3*c + 2*b = -b, 4*b = -c + y. What is the remainder when 25 is divided by t(c)?
12
Suppose 5*h + 5*v - 10 = 0, -h + 2*v + 11 = -0*v. Let o(q) = -q**2 + 6*q + 19. What is the remainder when o(-2) is divided by 3/(-6) + h/2?
1
Let y be ((-33)/(-55))/((-1)/(-65)). Let w = y - 12. What is the remainder when 42 is divided by w?
15
Suppose 1 + 68 = t. Calculate the remainder when 207 is divided by t.
0
Let x = 2352 + -2328. Calculate the remainder when 661 is divided by x.
13
Suppose 5*i = -210 + 590. Let g = i - 38. Calculate the remainder when g is divided by 10.
8
Let w(z) = -z**2 - 5*z + 2. Let a be w(-5). Suppose -35 = -2*f + v, -a*v + 0 = 2*f - 32. Calculate the remainder when 67 is divided by f.
16
Suppose -232 = -q - 7*q. Suppose -2*p + 12 = 5*i, 0 = -4*p + i - 10 + 78. Let w = 71 - p. What is the remainder when w is divided by q?
26
Suppose 2*w - 51 = -x, 0 = -4*x + 4*w - w + 182. Suppose -85*u + 1003 = -26*u. What is the remainder when x is divided by u?
13
Let a = -192 - -242. What is the remainder when a is divided by 18?
14
Suppose -o + 37 = -26. What is the remainder when o is divided by 17?
12
Let q = 219 + -188. Calculate the remainder when 45 is divided by q.
14
Suppose -5*p = -3*n + 41, -13 = -0*n - n + p. Let z(x) = x**2 - 11*x - 3. Calculate the remainder when z(n) is divided by 4.
1
Let j = 2586 + -2420. Suppose -42 = -4*o + 3*o. Calculate the remainder when j is divided by o.
40
Let t(z) = 99*z - 7. Suppose 72 = -0*a + 3*a. Calculate the remainder when t(1) is divided by a.
20
What is the remainder when 425 is divided by (-98)/(-49)*(1 + 15 + 0)?
9
Suppose b + 15 = 4*b. Suppose -q = -3*s + 13, 3*s - 4*q - b = q. Suppose -4 = -2*a - 0*a. What is the remainder when s is divided by a?
1
Let k(h) = -h**2 + 8*h + 12. Let o be k(15). Let y = o + 148. What is the remainder when y is divided by 19?
17
Calculate the remainder when 236 is divided by -3*((-17)/(-2))/(6/(-8)).
32
Let y = 53 + 20. Calculate the remainder when y is divided by 25.
23
Let g(u) = u**2 - 8*u - 2. Let a be g(10). Suppose -4*p + a = -66. What is the remainder when p is divided by 11?
10
Let c(l) = -l**3 + 9*l**2 - 8*l + 6. Let n be c(8). Suppose n*d - 120 = 2*d. Suppose -44 = -o + d. Calculate the remainder when o is divided by 19.
17
Suppose -4*f + 4 = 0, 5*o - 5*f + 7*f - 347 = 0. What is the remainder when o is divided by 39?
30
What is the remainder when (-200)/(-6) + (-2)/(-3) is divided by 5/3*180/25?
10
Suppose -c + 19 = 2*y, -3*y + c = -2*y - 8. Calculate the remainder when 8/(-14) + 1210/35 is divided by y.
7
Suppose 2372 = 43*l - 39*l. Calculate the remainder when (-6)/10 - l/(-5) is divided by 40.
38
What is the remainder when 152 is divided by -7*4*162/(-189) + 2?
22
Suppose 16*g + 1233 = 6241. What is the remainder when g is divided by 51?
7
Let k = 107 - 60. Let n = k + -12. Let m = -25 - -129. What is the remainder when m is divided by n?
34
Suppose -4*q + 265 = q. Let r(o) = 10*o + 4. Calculate the remainder when q is divided by r(1).
11
Suppose -31*h - 884 = -21406. What is the remainder when h is divided by 8?
6
Let h(q) = 5*q. Let y be h(2). Let i be 0 - (-5)/10*y. Suppose 4*t = -i*n + 87 + 20, 15 = 5*t. Calculate the remainder when 35 is divided by n.
16
Let r(l) = -2*l**2 + 59*l - 275. What is the remainder when r(23) is divided by (-2 + 14)*(-3)/(-4)?
6
Let l = -84 + 133. Let f = -14 + 31. Calculate the remainder when l is divided by f.
15
Suppose 3*m - 6*n = -3*n + 42, -2*m + n = -27. Calculate the remainder when 712 is divided by m.
10
Let p(g) = g**2 - 21*g - 193. What is the remainder when 139 is divided by p(29)?
22
Let o be (-3 - -5 - 0) + -13. Let p = 8 + o. Calculate the remainder when 18 is divided by 4 - 0 - (0 + p).
4
Let m = 1090 + -683. Calculate the remainder when m is divided by 17.
16
Let f(q) = q**3 - 3*q**2 - 3*q + 3. Let b be f(3). Let g = 15 + b. Let c(v) = 3*v - 13. Calculate the remainder when g is divided by c(6).
4
Let p = -13 + 13. Suppose -3*i - o + 4 = 0, -i - 4*i - 5*o = p. Suppose a = i*g - 24, -g + 4*a - 44 = -3*g. Calculate the remainder when g is divided by 8.
6
Let h = -794 + 816. Let q(y) = y**2 + 3*y - 3. Let b be q(-4). What is the remainder when b*(-63)/(-2 + 1) is divided by h?
19
Let d(l) = l**3 + 9*l**2 - 9*l + 12. Let n be d(-10). Let a = 7 - 4. What is the remainder when (n + (-105)/20)/(2/(-8)) is divided by a?
1
Suppose 19 = -4*z - 5. Let j be (2/z)/(15/(-90)). Suppose -j*d + 5 + 13 = 0. Calculate the remainder when 26 is divided by d.
8
Let r = -10 + 19. Let n = 21 - 0. Calculate the remainder when 20 is divided by n/(-2)*(-6)/r.
6
Suppose 0 = 23*z - 107 - 675. Calculate the remainder when 167 is divided by z.
31
Suppose 5153 = 16*t + 689. Calculate the remainder when t is divided by 4.
3
Let d(g) = g**3 + 2*g**2 - 5*g - 4. Let q(f) = f**2 + 14*f + 19. Suppose -2*l = 23 + 3. What is the remainder when q(l) is divided by d(-3)?
0
Let f(u) = u**2 - 3*u + 2. Let n be f(2). Suppose -2*k + 4*s + 82 = -n*k, 5*k - 229 = 2*s. What is the remainder when k is divided by (-1)/(-1)*2 - -11?
8
Let t(s) = -s**2 + 18*s - 5. Let h(i) = i**3 + 10*i**2 + 8*i + 8. Let v be h(-9). What is the remainder when 18 is divided by t(v)?
6
Let i(b) = -b + 64. Suppose 6*m = 4*m + 40. Calculate the remainder when i(-7) 